*o + 88 = -o. What is the units digit of o?
8
Let b = -2112 - -4159. What is the tens digit of b?
4
Let u = 702 + 2449. Suppose 13*h - 17545 = u. What is the tens digit of h?
9
Let l(x) = -31*x - 10. Let k be l(-5). Suppose k + 163 = 7*w. Suppose -8 = -2*d + w. What is the units digit of d?
6
Suppose 2*x = x - 7. Let w(f) = -f**3 - 3*f**2 - 9*f - 27. What is the tens digit of w(x)?
3
Let l(f) = f**3 + 31*f**2 - 9*f + 9. Let z(o) = -4*o**3 + 2*o**2 - 3*o - 1. Let b be z(2). What is the units digit of l(b)?
8
Suppose -3*p - 4*g = -51272, 4*p - 4*g - 68356 = -11*g. What is the tens digit of p?
9
Suppose 129*h + 49*h - 2390200 = -145*h. What is the tens digit of h?
0
Let g(b) = -2*b**3 + 7*b**2 + 25*b + 19. Let w be g(8). Let a = w + 496. What is the tens digit of a?
3
Suppose -3*j - 15 = -8*j. Let m be (6/10)/((-402)/1340). What is the tens digit of (m + j - -1) + 278?
8
Suppose w - 26384 = -5*x, -26354 = -w + 172*x - 167*x. What is the ten thousands digit of w?
2
Suppose 1515892 = 32*a - 252076. What is the tens digit of a?
4
Let i(z) = -4*z - 28. Let r be i(-8). Suppose 3*q = 4*q - r. What is the units digit of 950/22 - q/22?
3
Suppose -32*o + 30*o + 27392 = -3*c, -3*o = 2*c - 41062. What is the tens digit of o?
9
Suppose -383*s = -364*s - 951881. What is the thousands digit of s?
0
Let d = -159 + 136. Let t = d - -299. What is the tens digit of t?
7
What is the ten thousands digit of (-3746)/(-4)*(532/(-342))/((-2)/18)?
1
Suppose 6*w = 16759 + 28643. Suppose -4361 - w = -8*v. What is the thousands digit of v?
1
Suppose -9*l - l = 0. Let a(d) = 2*d**3 - d**2 + d + 308. What is the tens digit of a(l)?
0
Let n(r) = -865 - 6*r**2 + 0*r**3 + 20*r**2 + 883 + 2*r**3 + 9*r. What is the units digit of n(-6)?
6
Suppose -2*v + 4 = -3*m, v - m = -34 + 38. Let l = 1824 + -993. Suppose -v*n = -5*n - l. What is the hundreds digit of n?
2
Let m = 849 + -603. Suppose -g - 52 + m = 0. What is the tens digit of g?
9
Suppose -18 = 2*q - 2*g, -2*g - 54 = 3*q + q. What is the tens digit of ((-333)/q + -1)/((-4)/(-16))?
0
What is the thousands digit of ((-313327)/10)/(-7) - ((-6)/(-60) + 0)?
4
Suppose -7*u + 4*t + 50 = -2*u, 3*u - 5*t = 43. Let z be 120/16*40/u. What is the tens digit of ((-18)/(-1))/(20/z)?
4
Let r(w) = w. Let f(y) = -19*y + 84. Let c(h) = -f(h) + 6*r(h). What is the units digit of c(21)?
1
Suppose 17 = 6*v - 13. Suppose -v*y + 1162 = 3*q, 617 = -3*q + 2*y + 1807. What is the hundreds digit of q?
3
Suppose 157 - 65 = 4*l. Suppose l*i - 5644 = 12572. What is the units digit of i?
2
Suppose 161*d - 156*d + 245 = 0. Suppose 6*k + 94 = 4*k. Let w = k - d. What is the units digit of w?
2
Suppose -9*u = -u - 25348 - 4972. What is the units digit of u?
0
Let m = 59632 - 41386. What is the thousands digit of m?
8
Let m = 9572 - -13. What is the hundreds digit of m?
5
Suppose -4*y - 3*j + 63134 = 0, -11232 + 58575 = 3*y + j. What is the thousands digit of y?
5
What is the hundreds digit of (-462)/(-22) + -24 + 1*-2 + 13124?
1
Suppose -13*d + 62620 = -145705. What is the thousands digit of d?
6
What is the hundreds digit of (2/3)/2 - (-52)/(4836/2572907)?
6
Let z(c) = -3 + 50*c**2 + 3 - 18*c - 1 + 16*c. Let r be z(2). Suppose -10*g = -13*g + r. What is the units digit of g?
5
Suppose -6788 = -2*r - 2*h - 992, 14491 = 5*r + 4*h. What is the tens digit of r?
9
Let t be (12/(-18))/((-3)/135). Suppose t*h - 1581 = 27*h. What is the units digit of h?
7
Suppose -12*g + 7476 = 30*g. Let b = 645 - g. What is the hundreds digit of b?
4
Suppose s = 8*s - 5243. Suppose s*t = 752*t - 750. What is the units digit of t?
0
What is the thousands digit of (-15)/(-1) + 135002/14?
9
Let s = -86473 - -172161. What is the tens digit of s?
8
Suppose -10353 - 2417 = -5*l. What is the thousands digit of l?
2
Suppose 10*t + 284 = 8*t. Let s = 58 + t. Let i = s - -121. What is the units digit of i?
7
Let s = -327 - -381. Suppose 0 = -3*n - l + 38, 5*n - 14*l = -11*l + s. What is the units digit of n?
2
Let b be (-18 + 16)*(-1 + 3687/6). Let i = -694 - b. What is the tens digit of i?
3
Let q be 2/8 - 518/(-8). Suppose 29*z = -37*z - 2970. Let w = z + q. What is the tens digit of w?
2
What is the hundreds digit of (-1330)/(-6)*(-22152)/(-520)?
4
Suppose 0 = 288*o + 13*o - 15905442. What is the tens digit of o?
4
Let a be (62/4)/(225/110 - 2). Let i = a + -119. What is the units digit of i?
2
Let s(q) = -23*q**3 + 21*q**2 + 46*q - 271. What is the ten thousands digit of s(-11)?
3
Suppose k - 2 = r, 2*r - r - 3*k + 12 = 0. Suppose 3*c = 4*l - r*l + 8, 0 = -2*l + 2*c. What is the units digit of 275 + -1 - l/(-1)?
8
Let v = -21786 - -22341. What is the units digit of v?
5
Let g(n) = -77*n**2 - 72*n**2 + 484 - n + 148*n**2. What is the tens digit of g(0)?
8
Let a be 2565/60 - -2*(-2)/(-16). Let j = 389 - a. What is the hundreds digit of j?
3
Let a(p) = 730*p**2 - 572*p + 17. What is the units digit of a(-8)?
3
Let r(z) be the second derivative of -z**4/6 + z**3/6 + 5*z**2 + 15*z. Let a be r(-5). What is the tens digit of (a/6 + -1)*-4?
3
Suppose -10693 = -40*m + 36547. Suppose 0 = 15*c - 12604 - m. What is the tens digit of c?
1
Suppose 0 = -914*m + 915*m + 3*p - 16483, 5*m = -p + 82513. What is the hundreds digit of m?
5
Let c(i) = -i**3 - 2*i**2 - 3. Let x be c(-4). Suppose 1880 = -25*s + x*s. What is the units digit of s?
0
Let b = 11474 + -5106. What is the thousands digit of b?
6
Let z = 129 + -129. Suppose -4*x = -c + 22, z = -c - 3*c - 5*x + 193. What is the units digit of c?
2
Let i = 360 + -363. What is the units digit of (1372/i)/(30/(-45))?
6
Suppose 5*a - 1172 - 2334 = 4*y, 0 = a + 5*y - 678. Let r = a - 414. Let l = -52 + r. What is the hundreds digit of l?
2
Let t(w) = w**3 - 27*w**2 + 26*w + 21. Let i be t(26). Suppose -i*h + 35698 = 5*h. What is the thousands digit of h?
1
Suppose 0 = -19*o + 17*o - 2002. Let w = -531 - o. Suppose -2*y - 2*y = -4, 3*m + 2*y = w. What is the hundreds digit of m?
1
Let j(s) = 73*s**3 + 6*s**2 - 11*s + 10. What is the hundreds digit of j(3)?
0
Let h(p) = p**2 - p - 41. Let u be h(8). Let g(z) = 39*z - 63. What is the tens digit of g(u)?
2
Let j be (-6)/(-27) - 15276/(-27). Let f = j + -221. What is the tens digit of f?
4
What is the units digit of 2 - (704234/(-8) - -1) - 1125/4500?
0
Let i(g) = 17*g - 5*g - 214 + 349 + 307. What is the units digit of i(-19)?
4
What is the ten thousands digit of ((-1900)/(-3) + -2)/(3/((-891)/(-18)))?
1
Let z = 17 + 29. Suppose -10*f - 74 - z = 0. What is the units digit of (-2)/f*2*18?
6
Let q(k) = -k**3 + 147*k**2 - 187*k - 876. What is the ten thousands digit of q(145)?
1
Let v be ((-63)/(-12))/((-3)/12). Let d(t) = 7*t + 37. Let q be d(-6). Let i = q - v. What is the units digit of i?
6
Let c(z) = -3*z**2 - 32*z + 100. Let i be c(-19). Let f = i - -650. What is the tens digit of f?
7
Let r = 102 + -63. Suppose 5*f - 3 = 4*t - r, 36 = 4*t + 2*f. Suppose -3*s + t = 3, -330 = -3*n - 3*s. What is the units digit of n?
8
Suppose -3*z = -3*h - 21, 4*h + 11 + 27 = 2*z. What is the tens digit of -1 + ((-2454)/(-4) - h/(-8))?
1
Let g(n) = 4*n**2 - 17*n - 44. Let x be g(5). Let m(b) = -65*b - 76. What is the hundreds digit of m(x)?
8
Suppose 2*y + 24*y = 104. Suppose -3*x + y*c = -1278, -x + 5*c = 16 - 442. What is the hundreds digit of x?
4
Let u = 476 + -206. Suppose u*x - 281*x + 13453 = 0. What is the units digit of x?
3
Let c(j) be the first derivative of 4*j**3 - j**2 + 8*j + 12. Let k = 274 + -278. What is the hundreds digit of c(k)?
2
Suppose -7 = -3*s + 17. Suppose -l - 5*j = -218, -6*j = -s*j - 8. What is the tens digit of l?
3
Let c(n) = -n**3 + 3*n**2 - 2*n + 9. Let y be c(3). Suppose -f - 214 = -4*m, y*f - 4*m + 32 + 602 = 0. Let k = 341 + f. What is the hundreds digit of k?
1
What is the units digit of (10341/(-6))/9*-6*117/27?
9
Let q = 929 + -556. Suppose j - q = -47. What is the hundreds digit of j?
3
Suppose 4*f = -2*x + 18672, 2*x + 16*f = 20*f + 18624. What is the tens digit of x?
2
Let w = -45 - -63. Let g(b) = -b**3 + 18*b**2 + b - 14. Let m be g(w). Suppose -2*d = -m*z + 3*d + 159, 5*z - 245 = -3*d. What is the units digit of z?
6
Let u be (760/(-25) + -2)/((-4)/10). Let d = u + -64. Suppose -d - 643 = -4*n. What is the units digit of n?
5
Let f(d) = -361*d - 1283. What is the units digit 